
447
Calculate the remainder when 146400 is divided by 9750.
150
What is the remainder when 120459 is divided by 23?
8
What is the remainder when 32771881 is divided by 1894?
1893
Calculate the remainder when 23598 is divided by 3369.
15
Calculate the remainder when 4580527 is divided by 5028.
19
What is the remainder when 498627 is divided by 103?
4
Calculate the remainder when 56828947 is divided by 11365782.
37
Calculate the remainder when 26947031 is divided by 728298.
5
What is the remainder when 386302 is divided by 1522?
1236
What is the remainder when 194839 is divided by 1040?
359
Calculate the remainder when 1769220 is divided by 633.
618
What is the remainder when 4333681 is divided by 866615?
606
What is the remainder when 1507098 is divided by 3658?
2
What is the remainder when 265099 is divided by 1259?
709
Calculate the remainder when 148443443 is divided by 43.
4
What is the remainder when 750996 is divided by 501?
498
Calculate the remainder when 803983 is divided by 16.
15
What is the remainder when 197135 is divided by 1096?
951
Calculate the remainder when 252232 is divided by 7391.
938
What is the remainder when 737637 is divided by 245856?
69
Calculate the remainder when 732829 is divided by 732827.
2
Calculate the remainder when 104348291 is divided by 29.
27
What is the remainder when 5500135 is divided by 74?
11
Calculate the remainder when 7462 is divided by 1214.
178
Calculate the remainder when 6151484 is divided by 25.
9
What is the remainder when 61195862 is divided by 534?
530
What is the remainder when 20359225 is divided by 27?
10
What is the remainder when 124535 is divided by 77?
26
What is the remainder when 165573 is divided by 164292?
1281
What is the remainder when 525153 is divided by 18093?
456
Calculate the remainder when 175214 is divided by 184.
46
Calculate the remainder when 31553799 is divided by 164.
35
What is the remainder when 718282 is divided by 80?
42
Calculate the remainder when 129827 is divided by 32449.
31
Calculate the remainder when 444992 is divided by 1744.
272
What is the remainder when 2769752 is divided by 26?
24
What is the remainder when 3593234 is divided by 4293?
4286
What is the remainder when 130238 is divided by 32255?
1218
Calculate the remainder when 832348 is divided by 1215.
73
Calculate the remainder when 643454 is divided by 1763.
1722
What is the remainder when 177920738 is divided by 3251?
10
Calculate the remainder when 3939616307 is divided by 35.
32
Calculate the remainder when 12582305 is divided by 2422.
15
Calculate the remainder when 739898 is divided by 351.
341
What is the remainder when 27779188 is divided by 932?
928
What is the remainder when 445002 is divided by 13906?
10
What is the remainder when 3635696 is divided by 7330?
16
Calculate the remainder when 146744441 is divided by 10502.
10497
What is the remainder when 1139730 is divided by 81?
60
What is the remainder when 9194646 is divided by 52?
6
What is the remainder when 1509514 is divided by 751?
4
What is the remainder when 19557249 is divided by 11?
8
Calculate the remainder when 115161 is divided by 1387.
40
Calculate the remainder when 77104 is divided by 256.
48
What is the remainder when 45853 is divided by 2139?
934
Calculate the remainder when 34288574 is divided by 139.
54
What is the remainder when 154599 is divided by 36?
15
Calculate the remainder when 1481276 is divided by 1481195.
81
Calculate the remainder when 29870958 is divided by 19.
13
Calculate the remainder when 64891401 is divided by 104.
81
Calculate the remainder when 627550 is divided by 19608.
94
What is the remainder when 4376387 is divided by 2188182?
23
What is the remainder when 30843712 is divided by 5?
2
Calculate the remainder when 71649 is divided by 17867.
181
Calculate the remainder when 1301018 is divided by 15488.
26
Calculate the remainder when 7060035 is divided by 12.
3
Calculate the remainder when 6631875 is divided by 1697.
1696
What is the remainder when 73036 is divided by 36429?
178
What is the remainder when 2052573 is divided by 232?
69
Calculate the remainder when 182714 is divided by 12056.
1874
Calculate the remainder when 297813297 is divided by 148906647.
3
Calculate the remainder when 887319 is divided by 295755.
54
Calculate the remainder when 17072759 is divided by 15.
14
Calculate the remainder when 1609294 is divided by 1146.
310
Calculate the remainder when 27884246 is divided by 124.
118
What is the remainder when 200477 is divided by 67?
13
What is the remainder when 11578119 is divided by 241?
238
What is the remainder when 1018049 is divided by 145435?
4
Calculate the remainder when 68985 is divided by 22759.
708
What is the remainder when 287508 is divided by 143605?
298
Calculate the remainder when 418959 is divided by 1465.
1434
Calculate the remainder when 3965752 is divided by 720.
712
What is the remainder when 54277 is divided by 3317?
1205
What is the remainder when 21019 is divided by 2513?
915
What is the remainder when 22433886 is divided by 144?
126
Calculate the remainder when 9995008 is divided by 1065.
1048
What is the remainder when 171975910 is divided by 52?
2
Calculate the remainder when 20866975 is divided by 3477828.
7
What is the remainder when 21134174 is divided by 475?
474
What is the remainder when 2230748 is divided by 904?
580
What is the remainder when 918600 is divided by 2503?
2502
Calculate the remainder when 8407 is divided by 3108.
2191
What is the remainder when 11386134 is divided by 599266?
80
Calculate the remainder when 1304396 is divided by 15714.
134
Calculate the remainder when 7393164 is divided by 4932.
96
What is the remainder when 371110 is divided by 244?
230
What is the remainder when 3398306653 is divided by 6373?
6371
What is the remainder when 549094 is divided by 183029?
7
What is the remainder when 10405924 is divided by 5320?
4
Calculate the remainder when 475505 is divided by 95090.
55
Calculate the remainder when 5519033 is divided by 56.
9
Calculate the remainder when 61886 is divided by 8175.
4661
Calculate the remainder when 1733069 is divided by 410.
409
What is the remainder when 2728902 is divided by 402?
126
Calculate the remainder when 1285542 is divided by 616.
566
Calculate the remainder when 209515 is divided by 52365.
55
Calculate the remainder when 245155 is divided by 72.
67
What is the remainder when 56471 is divided by 11262?
161
Calculate the remainder when 88984 is divided by 1559.
121
What is the remainder when 433762 is divided by 124?
10
What is the remainder when 113402 is divided by 37790?
32
What is the remainder when 2752020 is divided by 49143?
12
Calculate the remainder when 2463985 is divided by 33.
7
Calculate the remainder when 15199071 is divided by 64.
31
Calculate the remainder when 131519 is divided by 341.
234
What is the remainder when 131603 is divided by 3215?
3003
Calculate the remainder when 203986 is divided by 3706.
156
Calculate the remainder when 30124 is divided by 9945.
289
Calculate the remainder when 20295456 is divided by 36.
24
Calculate the remainder when 49719144 is divided by 50.
44
What is the remainder when 1265108 is divided by 371?
369
Calculate the remainder when 68756 is divided by 17182.
28
What is the remainder when 341140 is divided by 26241?
7
What is the remainder when 17226457 is divided by 18?
7
Calculate the remainder when 28513 is divided by 5613.
448
What is the remainder when 894548151 is divided by 3596?
3595
What is the remainder when 9508051 is divided by 696?
691
Calculate the remainder when 72412493 is divided by 4016.
4013
What is the remainder when 771035 is divided by 96378?
11
What is the remainder when 468828 is divided by 468787?
41
What is the remainder when 4547261 is divided by 3758?
81
Calculate the remainder when 4850914 is divided by 190.
24
Calculate the remainder when 70823 is divided by 84.
11
Calculate the remainder when 666987 is divided by 221559.
2310
Calculate the remainder when 57408265 is divided by 1240.
1225
Calculate the remainder when 2534123 is divided by 5416.
4851
What is the remainder when 1852450 is divided by 4619?
231
Calculate the remainder when 2722820 is divided by 3771.
158
What is the remainder when 28398 is d